 3304. What is the units digit of w?
2
Let s(l) = 1349*l + 1. Let z be s(1). Suppose g = q + 2*q - 458, -3*q - z = 3*g. What is the tens digit of g/(-28) - 5/35?
1
What is the ten thousands digit of -2 - (9 + -68)*(375 - 0)?
2
Let r = 3792 + -469. Suppose 3*l - r + 173 = 0. What is the thousands digit of l?
1
Let o = -96845 - -165908. What is the units digit of o?
3
Let i(t) = -1037*t + 8911. What is the thousands digit of i(-15)?
4
Suppose -2*r + g = -271 + 27, 5*r = 5*g + 600. Let m = r + 63. What is the tens digit of m?
8
Let b(y) = 411*y**2 + 6*y + 4. Let f be b(-1). Suppose 0 = 11*r - f + 90. What is the units digit of r?
9
Let d(r) = 28*r - 8. Let m be -1*((-7 - -5) + -1). Let f be d(m). Let h = 315 - f. What is the units digit of h?
9
Suppose 24*i - 261924 = -2*i. What is the hundreds digit of (-8)/2 + i/23?
4
Let d be (-1 - 2)*(-15 - 0). Suppose 0 = v - 5*u, 3*v = 51*u - 48*u + 12. Suppose v*o = d + 710. What is the units digit of o?
1
Suppose 36*c + 74448 = 102*c. What is the units digit of c?
8
Let z = 177 + -183. Let p(v) = 5*v**2 - 17*v + 15. What is the tens digit of p(z)?
9
Let d(j) = -j**3 - 8*j**2 + 31*j + 1. Let y be d(-12). Suppose -5*q + y = l - 4*q, 3*q = -15. What is the units digit of l?
0
Let y(d) = -2*d + 37. Let p be y(15). Suppose 977 + 3027 = p*w. Suppose -7*s = -2350 + w. What is the units digit of s?
4
Suppose -13*l + 51362 = -18903. What is the thousands digit of l?
5
What is the tens digit of (-9714)/(-24) + 10/8?
0
Let z(g) = 5*g + 26 - 6*g - 2*g - g**2 + 32. Let u be z(6). Suppose 7*a - 5*h - 46 = 4*a, h = -u*a + 69. What is the units digit of a?
7
Suppose 2*w = 2*r - 7274, -13*r + 18*r + 5*w - 18185 = 0. What is the thousands digit of r?
3
Suppose -l = 4 - 0, 7 = -r - 3*l. Suppose r*g = -n - 83, -6*n = -n + 5*g + 395. Let o = -5 - n. What is the tens digit of o?
7
Let h = -27429 - -38914. What is the hundreds digit of h?
4
Let k = 1893 + -3301. Let f = k + 2041. What is the hundreds digit of f?
6
Suppose 36 = -8*v + 20*v. Suppose 0 = 4*r - o + 5*o - 1432, 0 = r - v*o - 354. What is the tens digit of r?
5
Let s(f) = 788*f - 2114. What is the hundreds digit of s(52)?
8
Let g(t) = 21*t**2 - 3*t - 2. What is the hundreds digit of g(-31)?
2
Let t(d) = 151*d**2 + 7*d + 19. Let b(o) = o**2 - 16*o + 58. Let y be b(6). What is the tens digit of t(y)?
0
Let c(l) = l**3 - l + 651. Let z(g) = -2*g**3 - g**2 + g - 651. Let q(o) = 3*c(o) + 2*z(o). What is the tens digit of q(0)?
5
Let q = 63 - 63. Suppose 17*w - 27*w + 550 = q. What is the units digit of w?
5
Suppose 2*j = -0*j - 30. What is the units digit of -3 + 5*(-831)/j?
4
Suppose 644*h = 267*h + 1564490 + 1010420. What is the units digit of h?
0
Let y(t) be the second derivative of 209*t**4/12 + 4*t**3/3 - 7*t**2/2 - 200*t. What is the units digit of y(2)?
5
Suppose 17620 = 5*y - 79*b + 74*b, y = -3*b + 3512. What is the tens digit of y?
2
Let h(s) = 57*s**2 + 91*s - 14. What is the hundreds digit of h(-5)?
9
Let o(q) = -26*q + 300. Let h be o(12). Let d(f) be the first derivative of -5*f**2/2 - 34*f - 1. What is the tens digit of d(h)?
2
Let o be (-2 + (-19)/(-5))*(11 - 1). Suppose u - o = 10. What is the tens digit of u?
2
Let u(k) = 80*k**2 - 215*k + 596. What is the thousands digit of u(27)?
3
Suppose 0 = c - 325 + 114. Suppose f - 3*u - c = 429, -4*f = -4*u - 2560. What is the units digit of f?
0
Let v = 23 - -14. Let d = -41 + v. What is the tens digit of 296/(-20)*(d + -1)?
7
Let a = 3477 + -3472. Let u(t) = 6*t**2 + 25*t + 14. Let o(f) = 3*f**2 + 13*f + 7. Let c(k) = -7*o(k) + 4*u(k). What is the tens digit of c(a)?
2
Let h(z) = -2*z**3 - 14*z**2 - 4*z + 13. Let o(s) = s**2 + 18*s + 55. Let g be o(-5). What is the tens digit of h(g)?
5
Suppose -2*u = 41 - 33. Let v be 0 - ((-96)/10 - u/(-10)). What is the hundreds digit of -4 + ((-732)/(-15))/(2/v)?
2
Let w = -172 + 291. Let m = -93 + w. What is the tens digit of m?
2
Let d(u) = -14 - 9 + 4 + 1 - 10*u**3 - 4*u + 3*u**2. What is the hundreds digit of d(-3)?
2
Let h(x) = x**2 + 34*x + 4. Let l be h(23). Suppose 4 = -4*n, -n - l - 6 = -3*q. What is the tens digit of q?
4
Let w(k) = -14126*k + 347. What is the tens digit of w(-1)?
7
Let d(r) = -109*r - 3. Let t = 31 - 41. Let w be 5 - 95/20 - t/(-8). What is the hundreds digit of d(w)?
1
Suppose 20 = -4*v, -2*l + 5*v + 25 = -5*l. What is the units digit of 11 + -14 - (l + -437)?
4
Let x be (-5)/(-3) + (-342)/(-54). What is the tens digit of -11*4/x*-214?
7
Let t(z) = -30*z + 20. Let g be t(-12). What is the tens digit of (g/3)/((-6)/(-18))?
8
Suppose 5*z + 5*z = 170. Suppose z*d - 4*d - 3380 = 0. What is the hundreds digit of d?
2
Let u(t) = t**3 - 33*t**2 - 82*t - 13. Let j be u(34). Let a = j - -3184. What is the thousands digit of a?
1
Let i = -300 - -300. Suppose -3*b + 5*c + 5828 = i, -1920 = -b - 27*c + 23*c. What is the tens digit of b?
3
Suppose 0 = -8*d + 12*d. Suppose -18 = -d*c + 6*c. What is the tens digit of (-2)/2*174/(-2) + c?
8
Suppose 3*z - 73 = -5*d - 397, 0 = -4*d + 12. Let s = z - -113. Suppose s = -3*w + 430 + 128. What is the units digit of w?
6
Let t(m) = -m**2 + 12*m - 27. Let p be t(8). Suppose 0 = -4*c + p*v - 33, v = -5*c - 2*v - 69. Let f(n) = -22*n - 20. What is the hundreds digit of f(c)?
2
Let n be (1 - -2)*155/93. Suppose -2*m - n*v + 1003 = 0, -20*v + 18*v = -4*m + 1994. What is the units digit of m?
9
Suppose -2*p - 131 = -3*z, -4*p - 335 = p - 5*z. Let q = 142 + p. Let w = -62 + q. What is the units digit of w?
0
Let s be (1 + (-28)/(-12))/((-1)/(-24)). What is the hundreds digit of (-2734)/(-16) - (-10)/s?
1
Let g = 659 - 662. Let y(h) = -50*h**3 + 7*h**2 + 11*h - 3. What is the thousands digit of y(g)?
1
Suppose 0 = -o + 456 - 32. Suppose 2*r = -6*r - o. Let j = 111 + r. What is the tens digit of j?
5
Let u = -156 - -158. Suppose -u*m - 31 + 111 = 0. What is the tens digit of m?
4
Let c = 285 - 54. Suppose -8*b + 1921 + c = 0. Suppose 2*n - 387 = -3*w, -w - w + b = 5*n. What is the units digit of w?
7
Let q = 357 + -341. What is the tens digit of (2 - 16/6)/(q/(-5832))?
4
What is the ten thousands digit of 573003/3*((-48)/72)/(-2)?
6
Let t(b) = b**3 - 51*b**2 + 278*b - 87. What is the units digit of t(45)?
3
Suppose 9*i + 4*z = 12*i - 5905, 2*i - 3934 = 4*z. What is the hundreds digit of i?
9
Let k be 11/(66/(-732))*(1 + 4). What is the units digit of k/(-11) + (-6)/(-11)?
6
Let v(r) = 2*r - 37. Let t be v(21). Suppose g - 1607 = -2*h, -5*h + 6*g + 4031 = 4*g. Suppose n - 185 = -b + 6*b, -t*n = -b - h. What is the units digit of n?
0
Suppose 2*i - 26998 = -4*g, -2*g + 67487 = -80*i + 85*i. What is the ten thousands digit of i?
1
Suppose -4*z + 45 = -9*z. Let j(n) be the first derivative of n**3/3 + 24*n - 2. What is the hundreds digit of j(z)?
1
Suppose 35*v - 400 = 10*v. Suppose b + v*b = 9877. What is the hundreds digit of b?
5
Let v = 139143 + -88543. What is the tens digit of v?
0
Let n(g) = 225*g**2 - 23*g - 129. What is the thousands digit of n(-5)?
5
Let m = -20435 - -33186. What is the units digit of m?
1
Suppose -j = 0, q - 11431 = -2*j + 5*j - 3436. What is the hundreds digit of q?
9
Let z(c) be the third derivative of -17*c**4/12 - 65*c**3/2 - 2*c**2 - 69*c. What is the tens digit of z(-13)?
4
Let c(p) = 14937*p**2 + 9*p - 2. What is the hundreds digit of c(-1)?
9
Suppose 96655 = 5*o - 5*z, 27*z = 5*o + 30*z - 96663. What is the thousands digit of o?
9
Let i be 1*(-6 + -66) - -8. Let j = 119 - -42. Let b = i + j. What is the units digit of b?
7
Let u(f) = f**2 + 14*f + 14. Let j be u(-13). Let n be (j + 52 + 2)/((-6)/6). Let i = -25 - n. What is the units digit of i?
0
Let l = 11069 - 5601. What is the tens digit of l?
6
Suppose 0 = 6*z - 9*z + 6. Suppose 3*s - z*a = 745, -3*a + a + 490 = 2*s. What is the units digit of s?
7
Let s(q) = 16*q**2 + 24*q + 18. Let k be s(-10). Let r = k + -918. What is the hundreds digit of r?
4
Suppose 36*l + 202741 - 374811 = 385174. What is the thousands digit of l?
5
Let y(s) = -4*s - 1. Let l be y(-1). Suppose -5*r = -10, -2 = -5*w + 5*r + l. Let m = 22 - w. What is the units digit of m?
9
Let s(x) = -x + 30. Let b(l) = l**2 - 12*l + 17. Let k be b(10). Let t be 16 - 7/((-7)/k). What is the tens digit of s(t)?
1
Let w be 1/(4 + 51/(-13)). Suppose 3*r + 1 = w. Suppose -3*v - 8*